{"id":341,"date":"2021-02-17T14:53:36","date_gmt":"2021-02-17T14:53:36","guid":{"rendered":"http:\/\/kartondobozok.com\/?post_type=product&#038;p=341"},"modified":"2021-11-03T13:37:13","modified_gmt":"2021-11-03T13:37:13","slug":"b4-600x300x300-mm-31bc-5-retegu-hullamkarton-doboz","status":"publish","type":"product","link":"https:\/\/kartondobozok.com\/index.php\/termek\/b4-600x300x300-mm-31bc-5-retegu-hullamkarton-doboz\/","title":{"rendered":"B4 600x300x300 mm 31BC, 5 r\u00e9teg\u0171 Hull\u00e1mkarton doboz"},"content":{"rendered":"<h3><u>A TF (tet\u0151fen\u00e9klapolt) hull\u00e1m kartondobozok min\u0151s\u00e9gi 5<\/u>\u00a0r\u00e9teg\u0171, barna kartonb\u00f3l k\u00e9sz\u00fclt dobozok, melyeket egyszer\u0171en n\u00e9gyoldal\u00fa dobozz\u00e1 lehet hajl\u00edtani. Haszn\u00e1lhat\u00f3 csomagol\u00e1shoz, k\u00f6lt\u00f6z\u00e9shez, t\u00e1rol\u00e1shoz, csomagk\u00fcld\u00e9shez, szort\u00edroz\u00e1shoz.<\/h3>\n<p>A hull\u00e1mkarton dobozok sz\u00e1mos m\u00e9retben el\u00e9rhet\u0151ek n\u00e1lunk, \u00edgy biztosan megtal\u00e1lja a megfelel\u0151 m\u00e9ret\u0171 dobozt.<\/p>\n<p><a class=\"button w-button\" href=\"https:\/\/www.fiorex.hu\/600x300x300-mm-31bc-5-retegu-hullamkarton-doboz-2197\" target=\"_blank\" rel=\"noopener noreferrer\">Tov\u00e1bb a webshopra<\/a><\/p>\n","protected":false},"excerpt":{"rendered":"<p>A TF (tet\u0151fen\u00e9klapolt) hull\u00e1m kartondobozok min\u0151s\u00e9gi 5\u00a0r\u00e9teg\u0171, barna kartonb\u00f3l k\u00e9sz\u00fclt dobozok, melyeket egyszer\u0171en n\u00e9gyoldal\u00fa dobozz\u00e1 lehet hajl\u00edtani. Haszn\u00e1lhat\u00f3 csomagol\u00e1shoz, k\u00f6lt\u00f6z\u00e9shez,&#8230;<\/p>\n","protected":false},"featured_media":343,"template":"","meta":[],"yoast_head":"<!-- This site is optimized with the Yoast SEO plugin v15.8 - https:\/\/yoast.com\/wordpress\/plugins\/seo\/ -->\n<title>B4 600x300x300 mm 31BC, 5 r\u00e9teg\u0171 Hull\u00e1mkarton doboz - Kartondobozok.com<\/title>\n<meta name=\"robots\" content=\"index, follow, max-snippet:-1, max-image-preview:large, max-video-preview:-1\" \/>\n<link rel=\"canonical\" href=\"http:\/\/kartondobozok.com\/index.php\/termek\/b4-600x300x300-mm-31bc-5-retegu-hullamkarton-doboz\/\" \/>\n<meta property=\"og:locale\" content=\"hu_HU\" \/>\n<meta property=\"og:type\" content=\"article\" \/>\n<meta property=\"og:title\" content=\"B4 600x300x300 mm 31BC, 5 r\u00e9teg\u0171 Hull\u00e1mkarton doboz - Kartondobozok.com\" \/>\n<meta property=\"og:description\" content=\"A TF (tet\u0151fen\u00e9klapolt) hull\u00e1m kartondobozok min\u0151s\u00e9gi 5\u00a0r\u00e9teg\u0171, barna kartonb\u00f3l k\u00e9sz\u00fclt dobozok, melyeket egyszer\u0171en n\u00e9gyoldal\u00fa dobozz\u00e1 lehet hajl\u00edtani. Haszn\u00e1lhat\u00f3 csomagol\u00e1shoz, k\u00f6lt\u00f6z\u00e9shez,...\" \/>\n<meta property=\"og:url\" content=\"http:\/\/kartondobozok.com\/index.php\/termek\/b4-600x300x300-mm-31bc-5-retegu-hullamkarton-doboz\/\" \/>\n<meta property=\"og:site_name\" content=\"Kartondobozok.com\" \/>\n<meta property=\"article:modified_time\" content=\"2021-11-03T13:37:13+00:00\" \/>\n<meta property=\"og:image\" content=\"https:\/\/kartondobozok.com\/wp-content\/uploads\/2021\/02\/FIO-1086.jpg\" \/>\n\t<meta property=\"og:image:width\" content=\"900\" \/>\n\t<meta property=\"og:image:height\" content=\"500\" \/>\n<meta name=\"twitter:card\" content=\"summary_large_image\" \/>\n<meta name=\"twitter:label1\" content=\"Becs\u00fclt olvas\u00e1si id\u0151\">\n\t<meta name=\"twitter:data1\" content=\"1 perc\">\n<script type=\"application\/ld+json\" class=\"yoast-schema-graph\">{\"@context\":\"https:\/\/schema.org\",\"@graph\":[{\"@type\":\"WebSite\",\"@id\":\"http:\/\/kartondobozok.com\/#website\",\"url\":\"http:\/\/kartondobozok.com\/\",\"name\":\"Kartondobozok.com\",\"description\":\"Kartondobozok minden m\\u00e9retben\",\"potentialAction\":[{\"@type\":\"SearchAction\",\"target\":\"http:\/\/kartondobozok.com\/?s={search_term_string}\",\"query-input\":\"required name=search_term_string\"}],\"inLanguage\":\"hu\"},{\"@type\":\"ImageObject\",\"@id\":\"http:\/\/kartondobozok.com\/index.php\/termek\/b4-600x300x300-mm-31bc-5-retegu-hullamkarton-doboz\/#primaryimage\",\"inLanguage\":\"hu\",\"url\":\"https:\/\/kartondobozok.com\/wp-content\/uploads\/2021\/02\/FIO-1086.jpg\",\"width\":900,\"height\":500},{\"@type\":\"WebPage\",\"@id\":\"http:\/\/kartondobozok.com\/index.php\/termek\/b4-600x300x300-mm-31bc-5-retegu-hullamkarton-doboz\/#webpage\",\"url\":\"http:\/\/kartondobozok.com\/index.php\/termek\/b4-600x300x300-mm-31bc-5-retegu-hullamkarton-doboz\/\",\"name\":\"B4 600x300x300 mm 31BC, 5 r\\u00e9teg\\u0171 Hull\\u00e1mkarton doboz - Kartondobozok.com\",\"isPartOf\":{\"@id\":\"http:\/\/kartondobozok.com\/#website\"},\"primaryImageOfPage\":{\"@id\":\"http:\/\/kartondobozok.com\/index.php\/termek\/b4-600x300x300-mm-31bc-5-retegu-hullamkarton-doboz\/#primaryimage\"},\"datePublished\":\"2021-02-17T14:53:36+00:00\",\"dateModified\":\"2021-11-03T13:37:13+00:00\",\"breadcrumb\":{\"@id\":\"http:\/\/kartondobozok.com\/index.php\/termek\/b4-600x300x300-mm-31bc-5-retegu-hullamkarton-doboz\/#breadcrumb\"},\"inLanguage\":\"hu\",\"potentialAction\":[{\"@type\":\"ReadAction\",\"target\":[\"http:\/\/kartondobozok.com\/index.php\/termek\/b4-600x300x300-mm-31bc-5-retegu-hullamkarton-doboz\/\"]}]},{\"@type\":\"BreadcrumbList\",\"@id\":\"http:\/\/kartondobozok.com\/index.php\/termek\/b4-600x300x300-mm-31bc-5-retegu-hullamkarton-doboz\/#breadcrumb\",\"itemListElement\":[{\"@type\":\"ListItem\",\"position\":1,\"item\":{\"@type\":\"WebPage\",\"@id\":\"http:\/\/kartondobozok.com\/\",\"url\":\"http:\/\/kartondobozok.com\/\",\"name\":\"Home\"}},{\"@type\":\"ListItem\",\"position\":2,\"item\":{\"@type\":\"WebPage\",\"@id\":\"https:\/\/kartondobozok.com\/index.php\/uzlet\/\",\"url\":\"https:\/\/kartondobozok.com\/index.php\/uzlet\/\",\"name\":\"\\u00dczlet\"}},{\"@type\":\"ListItem\",\"position\":3,\"item\":{\"@type\":\"WebPage\",\"@id\":\"http:\/\/kartondobozok.com\/index.php\/termek\/b4-600x300x300-mm-31bc-5-retegu-hullamkarton-doboz\/\",\"url\":\"http:\/\/kartondobozok.com\/index.php\/termek\/b4-600x300x300-mm-31bc-5-retegu-hullamkarton-doboz\/\",\"name\":\"B4 600x300x300 mm 31BC, 5 r\\u00e9teg\\u0171 Hull\\u00e1mkarton doboz\"}}]}]}<\/script>\n<!-- \/ Yoast SEO plugin. -->","_links":{"self":[{"href":"https:\/\/kartondobozok.com\/index.php\/wp-json\/wp\/v2\/product\/341"}],"collection":[{"href":"https:\/\/kartondobozok.com\/index.php\/wp-json\/wp\/v2\/product"}],"about":[{"href":"https:\/\/kartondobozok.com\/index.php\/wp-json\/wp\/v2\/types\/product"}],"wp:featuredmedia":[{"embeddable":true,"href":"https:\/\/kartondobozok.com\/index.php\/wp-json\/wp\/v2\/media\/343"}],"wp:attachment":[{"href":"https:\/\/kartondobozok.com\/index.php\/wp-json\/wp\/v2\/media?parent=341"}],"curies":[{"name":"wp","href":"https:\/\/api.w.org\/{rel}","templated":true}]}}